at is the hundred thousands digit of 133729?
1
What is the hundreds digit of 5470633?
6
What is the millions digit of 4641193?
4
What is the units digit of 6651551?
1
What is the ten thousands digit of 266338?
6
What is the tens digit of 24006378?
7
What is the units digit of 33660222?
2
What is the hundreds digit of 1800867?
8
What is the tens digit of 3543021?
2
What is the ten thousands digit of 596115?
9
What is the ten thousands digit of 7512118?
1
What is the hundreds digit of 6842857?
8
What is the units digit of 170575?
5
What is the hundreds digit of 180510?
5
What is the tens digit of 82517?
1
What is the units digit of 719579?
9
What is the hundred thousands digit of 2554893?
5
What is the ten thousands digit of 485881?
8
What is the hundreds digit of 4530386?
3
What is the tens digit of 34622?
2
What is the hundreds digit of 2472273?
2
What is the units digit of 3065972?
2
What is the hundred thousands digit of 778526?
7
What is the hundreds digit of 2552309?
3
What is the millions digit of 19217711?
9
What is the hundred thousands digit of 537801?
5
What is the thousands digit of 19010228?
0
What is the millions digit of 1178574?
1
What is the hundred thousands digit of 626817?
6
What is the hundreds digit of 26292660?
6
What is the hundreds digit of 423756?
7
What is the millions digit of 3969816?
3
What is the millions digit of 2176055?
2
What is the thousands digit of 36598443?
8
What is the hundred thousands digit of 10220918?
2
What is the units digit of 1581464?
4
What is the millions digit of 11252748?
1
What is the ten thousands digit of 868183?
6
What is the ten thousands digit of 6222799?
2
What is the tens digit of 735223?
2
What is the hundreds digit of 710535?
5
What is the hundred thousands digit of 567288?
5
What is the hundred thousands digit of 16820588?
8
What is the tens digit of 1539521?
2
What is the ten thousands digit of 97099?
9
What is the tens digit of 4051843?
4
What is the ten millions digit of 23072582?
2
What is the hundred thousands digit of 6901593?
9
What is the ten millions digit of 16376112?
1
What is the tens digit of 130447?
4
What is the hundreds digit of 5628283?
2
What is the units digit of 1953125?
5
What is the hundred thousands digit of 204400?
2
What is the hundreds digit of 2275306?
3
What is the tens digit of 220063?
6
What is the hundred thousands digit of 11045777?
0
What is the hundreds digit of 542379?
3
What is the ten millions digit of 21837109?
2
What is the hundred thousands digit of 432778?
4
What is the units digit of 2505254?
4
What is the hundred thousands digit of 327438?
3
What is the ten thousands digit of 32054963?
5
What is the millions digit of 33680966?
3
What is the millions digit of 6859997?
6
What is the thousands digit of 8196583?
6
What is the units digit of 243012?
2
What is the millions digit of 3323348?
3
What is the hundred thousands digit of 1698747?
6
What is the ten thousands digit of 9929798?
2
What is the hundreds digit of 373086?
0
What is the tens digit of 269015?
1
What is the hundreds digit of 4274?
2
What is the thousands digit of 1478659?
8
What is the ten millions digit of 17720496?
1
What is the units digit of 208602?
2
What is the millions digit of 1016612?
1
What is the hundreds digit of 62807?
8
What is the hundreds digit of 237509?
5
What is the hundred thousands digit of 922351?
9
What is the thousands digit of 1475947?
5
What is the millions digit of 3235279?
3
What is the hundred thousands digit of 789248?
7
What is the ten millions digit of 25727285?
2
What is the units digit of 1185694?
4
What is the thousands digit of 859531?
9
What is the ten thousands digit of 4562079?
6
What is the hundreds digit of 1920140?
1
What is the tens digit of 1048500?
0
What is the millions digit of 4875856?
4
What is the units digit of 7262873?
3
What is the tens digit of 84133?
3
What is the millions digit of 9188601?
9
What is the tens digit of 9964391?
9
What is the thousands digit of 280388?
0
What is the hundred thousands digit of 5356081?
3
What is the hundreds digit of 22643490?
4
What is the hundreds digit of 145806?
8
What is the units digit of 191180?
0
What is the units digit of 614020?
0
What is the thousands digit of 709244?
9
What is the hundreds digit of 1920861?
8
What is the ten thousands digit of 1139406?
3
What is the thousands digit of 520214?
0
What is the tens digit of 5005824?
2
What is the ten thousands digit of 6004997?
0
What is the hundred thousands digit of 2151564?
1
What is the millions digit of 4406516?
4
What is the hundred thousands digit of 2603972?
6
What is the tens digit of 705114?
1
What is the hundred thousands digit of 13482577?
4
What is the thousands digit of 15731286?
1
What is the tens digit of 201977?
7
What is the thousands digit of 472689?
2
What is the hundreds digit of 12478803?
8
What is the thousands digit of 3188356?
8
What is the hundred thousands digit of 157434?
1
What is the ten thousands digit of 7904739?
0
What is the ten thousands digit of 3713760?
1
What is the millions digit of 12239589?
2
What is the units digit of 404338?
8
What is the units digit of 2316783?
3
What is the units digit of 31473394?
4
What is the ten thousands digit of 6432738?
3
What is the thousands digit of 7617110?
7
What is the thousands digit of 1535754?
5
What is the tens digit of 3713760?
6
What is the hundred thousands digit of 688206?
6
What is the units digit of 2304910?
0
What is the hundred thousands digit of 1573207?
5
What is the hundred thousands digit of 617530?
6
What is the ten thousands digit of 200078?
0
What is the millions digit of 1265718?
1
What is the ten thousands digit of 43377?
4
What is the ten thousands digit of 898723?
9
What is the thousands digit of 2757226?
7
What is the units digit of 7829370?
0
What is the ten thousands digit of 617964?
1
What is the millions digit of 2475140?
2
What is the tens digit of 10147642?
4
What is the ten thousands digit of 6084175?
8
What is the ten thousands digit of 585347?
8
What is the hundreds digit of 851173?
1
What is the tens digit of 2490558?
5
What is the millions digit of 27490599?
7
What is the ten thousands digit of 11078241?
7
What is the hundreds digit of 58613?
6
What is the ten thousands digit of 580702?
8
What is the units digit of 441604?
4
What is the ten thousands digit of 1802874?
0
What is the units digit of 1483891?
1
What is the tens digit of 3654827?
2
What is the thousands digit of 8024796?
4
What is the ten thousands digit of 833678?
3
What is the millions digit of 1553037?
1
What is the tens digit of 4571618?
1
What is the thousands digit of 205685?
5
What is the ten thousands digit of 194464?
9
What is the ten millions digit of 13238592?
1
What is the thousands digit of 511513?
1
What is the thousands digit of 639247?
9
What is the millions digit of 7024620?
7
What is the millions digit of 14322791?
4
What is the thousands digit of 14147513?
7
What is the tens digit of 1880495?
9
What is the hundred thousands digit of 3794207?
7
What is the hundred thousands digit of 792233?
7
What is the ten thousands digit of 379957?
7
What is the tens digit of 8113140?
4
What is the thousands digit of 16859029?
9
What is the thousands digit of 4095961?
5
What is the ten thousands digit of 371838?
7
What is the millions digit of 3950352?
3
What is the thousands digit of 39982?
9
What is the ten thousands digit of 16852164?
5
What is the hundred thousands digit of 587750?
5
What is the hundreds digit of 9929982?
9
What is the hundreds digit of 1255798?
7
What is the hundreds digit of 1344324?
3
What is the hundred thousands digit of 2055679?
0
What is the units digit of 241985?
5
What is the units digit of 95010?
0
What is the ten thousands digit of 188136?
8
What is the hundred thousands digit of 959753?
9
What is the millions digit of 1152317?
1
What is the millions digit of 1816885?
1
What is the units digit of 4108617?
7
What is the ten thousands digit of 6741127?
4
What is the hundreds digit of 4366471?
4
What is the tens digit of 9171?
7
What is the thousands digit of 1959236?
9
What is the units digit of 6129093?
3
What is the millions digit of 12799170?
2
What is the hundred thousands digit of 3330842?
3
What is the tens digit of 1277641?